se -41*a = -40*a - k. What is the tens digit of a?
5
What is the tens digit of 886635/495 + (-6)/33?
9
Let z be ((-6)/2)/3*1. Let n be (z + 1)/((-6)/(-2)). Suppose -u + 37 - 5 = 4*b, -3*u + 3*b + 111 = n. What is the units digit of u?
6
Let a(h) = 3*h + 1. Let f be a(4). Suppose -3*c - 5*d + 4*d = -f, -4*c = d - 19. Suppose 5*s - 29 - c = -5*p, -4*p - 7 = -3*s. What is the units digit of s?
5
Let b = 154 + -152. Suppose -5*h - 611 = -b*c, 4*h = -2*c - 3*c + 1445. What is the units digit of c?
3
Let c(h) = -3*h**2 - 21*h - 1. Let o(a) = -7*a**2 - 43*a - 2. Let x(k) = -5*c(k) + 2*o(k). What is the units digit of x(-20)?
1
Let r be (-2458)/(-4) + (4 - 0)/8. What is the units digit of (4/6)/(5 - 3070/r)?
2
Let b(o) be the first derivative of -o**3/3 - o**2/2 + 43*o - 1. What is the tens digit of b(0)?
4
Suppose 0 = -5*m - 5*w + 553 + 107, -4*w + 393 = 3*m. What is the hundreds digit of m?
1
Let n(u) = -u + 13. Let a be n(11). Suppose -30 = 4*b - r, -1 = b - a*r + 3. Let x = b - -39. What is the units digit of x?
1
Let r = 7374 - 5059. What is the units digit of r?
5
Let s(o) = o**3 + 23*o**2 - 4*o - 13. What is the thousands digit of s(-19)?
1
Suppose -5 = 64*f - 69*f. What is the units digit of (2/(0 + -1) - f) + 15?
2
Let w = -45 + 72. What is the tens digit of w?
2
Let w(j) = j**2 - 7*j - 1. Let u be w(7). What is the hundreds digit of (-5264)/14*(-2)/(-4)*u?
1
What is the units digit of (192/2)/((-90)/(-420))?
8
Suppose 4*o = -0*o + 32. Let g be (-55)/(-44)*o*1. What is the units digit of (-3 - -1) + (88 - g)?
6
Let d be (-80)/6*72/(-10). Let a(t) = -t**2 - 24*t + 7. Let u be a(-26). Let n = u + d. What is the units digit of n?
1
Let f(z) = -7 + 53 - 3*z - 27. What is the units digit of f(4)?
7
Suppose 5469 - 1397 = 4*h. What is the hundreds digit of h?
0
Let a(o) = -2*o**3 + 5*o**2 + 20*o + 9. What is the tens digit of a(-6)?
0
What is the units digit of 15/30*-2 - (0 - 32)?
1
Let l be -2 + (2 - (-3 + -2)). Suppose 0 = 5*b - 3*b - y - 110, -l*b + 265 = -5*y. What is the tens digit of (b - 3)/2 - 2?
2
Let x(v) = 7*v**2 - 22*v - 73. What is the hundreds digit of x(-5)?
2
Suppose -40 = n + n. Let g = 50 + n. What is the units digit of g + (-4)/(-4) + 0?
1
Let u = 2738 - 383. What is the hundreds digit of u?
3
Let h(j) = -3*j + 24. Let c be h(-12). Suppose c = -4*g + 8*g. Suppose -o = 2 - g. What is the units digit of o?
3
Let s be (-8)/(-36) - (9574/(-9) - -2). Suppose -528 = -10*a + s. What is the hundreds digit of a?
1
Suppose 6 = -4*a + 2. What is the tens digit of (1 - 67)*a/2?
3
Suppose -2*c - 2*r = 3*r - 2, -5*r = 0. Let o be (-4)/(3 + c) - -62. Suppose 3*b - 178 = -o. What is the tens digit of b?
3
Let h = 2444 - -370. What is the units digit of h?
4
Let b be (9/12)/((-5)/(-20)). Suppose 199 = -0*a + b*a - h, 137 = 2*a - 5*h. What is the tens digit of a?
6
What is the thousands digit of 2/(-4)*(-243960)/60?
2
Suppose o + 8300 = 4*b - 3*o, 5*o = 4*b - 8297. What is the tens digit of b?
7
What is the hundreds digit of -3 + 100/((-140)/(-34) + -4)?
8
Let b be 3 + 123*(0 - -1). Let a = b + -55. What is the tens digit of a?
7
Let w = 175 - -1. Suppose 3*x + 50 = w. What is the units digit of x?
2
Let g = 159 + -159. Suppose -r - 4*q = -281, g*r + 3*r = 4*q + 827. What is the tens digit of r?
7
Suppose 5*l + 4*q = 366, l - 75 = -2*q + 3*q. Suppose -2*h + l = -0. What is the tens digit of h?
3
Suppose y = 0, -5*s + 3*y + 13 + 27 = 0. Let o be s/6*(-3)/(-2). Suppose -o*r + 0*r = -46. What is the tens digit of r?
2
Let m be 126/(-10) + (-4)/10. Let k be (4/(48/222))/(2/4). Let o = k + m. What is the tens digit of o?
2
Suppose 6*w - 100 = w + 3*g, -2*g + 100 = 5*w. Suppose 3*k = -2*k + w. Suppose -2 + 10 = k*f. What is the units digit of f?
2
Let w(x) = -x + 24. Let v be w(18). What is the units digit of (-72)/84*(-28)/v?
4
Let w(h) = -h**3 - 21*h**2 - 21*h - 25. Let c be w(-20). Let n(q) = q**3 + 9*q**2 + 4*q - 3. What is the units digit of n(c)?
7
Let l(o) = 355*o + 22. What is the hundreds digit of l(3)?
0
Suppose 14*b - 17*b + 1446 = 0. What is the hundreds digit of b?
4
Suppose -5 = -n, 10*n - 8*n - 2282 = -u. What is the units digit of u?
2
Let r = -1241 + 1816. What is the units digit of r?
5
Let j = 2969 - 1868. What is the hundreds digit of j?
1
Suppose 2*b - 2 - 4 = 3*d, 5*b = 0. Let o be 155/(-25) - 2/(-10). What is the tens digit of (o/(-4))/(d/(-84))?
6
Let h(f) = 2*f + 34. Let v be h(11). Suppose 0 = d + n - 3, 0 = -5*d + 4*n + 4 + v. What is the units digit of d?
8
Suppose 3*s - 7 + 1 = 0. Let u(i) = -10*i**s + i - 6 + 51*i**2 + 5. What is the tens digit of u(1)?
4
Suppose -o - 2*o = 162. Let d = 32 + o. What is the tens digit of 9 + -9 + d/(-1)?
2
Let d(o) = -36. Let a(i) = i + 1. Let z(x) = 2*a(x) - d(x). What is the tens digit of z(-7)?
2
Let p(z) = -z**3 - 3*z + 6. Let g be p(5). Let o = -95 - g. What is the units digit of o?
9
Suppose 0 = -2*r + 3*r - 9. Let o = r + -23. Let n = 27 + o. What is the tens digit of n?
1
Let w(i) = i**2 + 8*i - 2. Let o = 20 + -16. Let f = -7 - o. What is the units digit of w(f)?
1
Let h = -949 + 1589. What is the hundreds digit of h?
6
Suppose -1030 = -116*a + 111*a. Let w = 86 + a. What is the hundreds digit of w?
2
Let f be 8/20*(1 + 4). Let q(i) = 6*i - 6. Let v be q(f). Suppose -a + 43 = 3*a + 3*p, -3*a + 3*p = -v. What is the units digit of a?
7
Suppose -25 = -5*d, -3*u + 4*d = -4*u + 22. Suppose -4*a + 268 = -4*i, u*a = -i + 2*i + 134. What is the units digit of a?
7
Let n = 329 + 101. What is the tens digit of n?
3
Suppose 0 = -6*d - 338 + 1610. Let n = d + -114. What is the units digit of n?
8
Let j = -84 + 86. Suppose -n - 518 = -3*a - j*n, 2*a - 5*n = 334. What is the hundreds digit of a?
1
Let r = 6 + -6. Suppose r = 2*c + 31 - 173. What is the tens digit of c?
7
Suppose -5*p + 2430 = -6*g + g, -5*p = -4*g - 2435. What is the units digit of p?
1
Suppose 0 = -2*w - 6, -6*l + 3*l - 3*w + 2796 = 0. Suppose 6*b = 11*b - l. What is the hundreds digit of b?
1
Let m be (2/4)/((-2)/64). Let t(b) = -19*b**3 - 4*b**3 + 24*b**3 - 5 - b + 16*b**2. What is the tens digit of t(m)?
1
Suppose w = 4*z + 933, 4*w - 2730 = 4*z + 1038. What is the hundreds digit of w?
9
Let y(x) = 35*x**2 - 12*x + 42. What is the thousands digit of y(11)?
4
Suppose -19*r + 12*r + 3248 = 0. Suppose 7*l = 5*l + r. What is the hundreds digit of l?
2
Let i(c) = 108*c**2 - 57*c - 11. What is the thousands digit of i(5)?
2
Let n(h) = h**3 - 5*h**2 + 7*h - 8. Let f be n(4). Suppose -3*a = f*a - 217. What is the units digit of a?
1
Let n(f) = -f**3 - 6*f**2 - 4*f + 9. What is the units digit of n(-8)?
9
Suppose 18*k - 8117 = 13*k + 3*z, 0 = -2*k + z + 3247. What is the tens digit of k?
2
Suppose -4*x = 5*z + 245, 5*z + 169 = 2*z + 2*x. Let n = z + 114. What is the tens digit of n?
6
Let z be (9 - -1)*-12*(-11)/264. Suppose -t = -3*y - 2*y + 6, t = 2*y - 3. Suppose z*a + y = 6*a. What is the units digit of a?
1
Let c be 13/(-2) - (-10)/20. Let a(d) = -d**3 - 4*d**2 + 12*d + 2. What is the units digit of a(c)?
2
Suppose 0 = 2*r - 3*j - 2159, 0 = 5*r - 4*r + 5*j - 1060. What is the hundreds digit of r?
0
Let k(b) be the second derivative of -b**5/20 - b**3/6 + 19*b**2/2 + b. Let t be (-1)/5 + (-27)/(-135). What is the tens digit of k(t)?
1
Let q be -1*1 - (-396 - 20). Suppose -4*v = 4*x - 322 - 242, -5*v + q = 3*x. What is the units digit of x?
5
Suppose 0 = o - 5*s - 28, -6*s = 2*o - 3*s + 9. Suppose 3*q - o*d = 285 + 339, -609 = -3*q - 2*d. What is the hundreds digit of q?
2
Suppose 5*r = -u + 8387, 1808 = 2*r + u - 1545. What is the units digit of r?
8
Let k = -1520 + 2711. What is the tens digit of k?
9
Let d(f) = -14*f + 14. Let t be d(1). Let l(i) = -i**3 + i + 201. What is the hundreds digit of l(t)?
2
Let l(h) = -h**3 + h**2 + h. Let u be l(0). Suppose u = -v + 2 - 4. What is the units digit of 208/(-39)*9/v?
4
Suppose 3*d - 31 = h, -3*d + 31 - 5 = -2*h. Let g = 11 - d. What is the units digit of (0 + -1)/(0 + g)?
1
Let j be (252/(-5))/(-9) - 3/5. Suppose 5*s - 90 - 76 = -3*n, -4*n - j*s = -213. What is the tens digit of n?
4
Suppose b + 4*z + 5 = 0, 5*z - 126 + 1 = 5*b. Let f = -16 - b. Suppose f*v + 2*p = 198, -v - 1 = 3*p - 51. What is the units digit of v?
8
Let g(s) = -4 - 1 - s**2 + 0 - 2*s + 3. Let t(z) = -2*z - 3.